535399
List the prime factors of 250105754.
2, 173, 722849
What are the prime factors of 2348902844?
2, 61, 9626651
What are the prime factors of 5864416391?
89, 65892319
List the prime factors of 453618863.
19, 449, 53173
List the prime factors of 1215602858.
2, 607801429
What are the prime factors of 272040641?
193, 1409537
List the prime factors of 423964351.
251, 1187, 1423
What are the prime factors of 564415235?
5, 19, 5941213
What are the prime factors of 1243385180?
2, 5, 89, 698531
List the prime factors of 3598997360.
2, 5, 7, 6426781
What are the prime factors of 89229880?
2, 5, 23, 96989
What are the prime factors of 2789150456?
2, 3769, 92503
What are the prime factors of 5379606269?
41, 131209909
What are the prime factors of 1107845913?
3, 439, 841189
What are the prime factors of 313874783?
31, 10124993
What are the prime factors of 108056836?
2, 97, 278497
What are the prime factors of 519870364?
2, 13, 769039
List the prime factors of 111542897.
6599, 16903
List the prime factors of 6039669029.
7121, 848149
What are the prime factors of 406336258?
2, 203168129
What are the prime factors of 4706885662?
2, 37, 6907, 9209
List the prime factors of 217776434.
2, 59, 1845563
List the prime factors of 1422167129.
31, 45876359
List the prime factors of 276077205.
3, 5, 6135049
What are the prime factors of 2818707910?
2, 5, 11927, 23633
What are the prime factors of 127966268?
2, 359, 89113
What are the prime factors of 195474145?
5, 37, 1056617
List the prime factors of 115706213.
7, 227, 72817
List the prime factors of 1347753687.
3, 7, 43, 1492529
What are the prime factors of 10413275?
5, 416531
What are the prime factors of 2234177079?
3, 269, 2768497
What are the prime factors of 196028169?
3, 65342723
What are the prime factors of 96209165?
5, 13, 41, 2777
List the prime factors of 354712845.
3, 5, 23647523
What are the prime factors of 12974032?
2, 773, 1049
What are the prime factors of 17936709?
3, 7, 854129
What are the prime factors of 1248139676?
2, 7, 491, 90787
What are the prime factors of 188554148?
2, 47138537
What are the prime factors of 323031643?
11, 73, 36571
List the prime factors of 50797341.
3, 7, 397, 677
What are the prime factors of 177422104?
2, 37, 599399
List the prime factors of 5099000.
2, 5, 5099
What are the prime factors of 1285289787?
3, 428429929
List the prime factors of 5034093986.
2, 2517046993
List the prime factors of 118326422.
2, 53, 67, 16661
List the prime factors of 61498200.
2, 3, 5, 102497
What are the prime factors of 9592850?
2, 5, 173, 1109
List the prime factors of 592968958.
2, 296484479
What are the prime factors of 78950575?
5, 11, 287093
List the prime factors of 1851691146.
2, 3, 11423, 27017
List the prime factors of 256860912.
2, 3, 7, 11, 69497
List the prime factors of 272655169.
10009, 27241
List the prime factors of 481884831.
3, 53542759
List the prime factors of 148213423.
71, 271, 7703
List the prime factors of 209052570.
2, 3, 5, 17, 293, 1399
What are the prime factors of 4146831264?
2, 3, 727, 59417
What are the prime factors of 19342951?
19342951
List the prime factors of 122799370.
2, 5, 31, 179, 2213
What are the prime factors of 62710330?
2, 5, 1777, 3529
List the prime factors of 324273645.
3, 5, 2402027
What are the prime factors of 544514311?
11, 37, 1337873
List the prime factors of 429255214.
2, 3307, 64901
List the prime factors of 1739844340.
2, 5, 13, 37, 83, 2179
What are the prime factors of 304331530?
2, 5, 30433153
List the prime factors of 139931207.
13, 10763939
List the prime factors of 1327187551.
47, 149, 189517
What are the prime factors of 178444744?
2, 479, 46567
What are the prime factors of 2193123340?
2, 5, 109656167
What are the prime factors of 1473101?
7, 17, 12379
List the prime factors of 591191297.
31, 2207, 8641
What are the prime factors of 64397509?
11, 31, 127, 1487
What are the prime factors of 586554011?
586554011
List the prime factors of 6818346067.
13, 23, 53, 1439
What are the prime factors of 285003850?
2, 5, 499, 11423
What are the prime factors of 57559998?
2, 3, 9593333
What are the prime factors of 43553575?
5, 13, 17, 7883
List the prime factors of 169357747.
13, 13027519
What are the prime factors of 71991656?
2, 11, 23, 35569
List the prime factors of 77159429.
77159429
What are the prime factors of 94821296?
2, 1427, 4153
List the prime factors of 380068599.
3, 126689533
What are the prime factors of 3753866?
2, 127, 14779
What are the prime factors of 97581131?
19, 1283, 4003
What are the prime factors of 129633163?
11, 37, 431, 739
List the prime factors of 22232986.
2, 2113, 5261
What are the prime factors of 75685170?
2, 3, 5, 11, 19, 12071
List the prime factors of 113351145.
3, 5, 71, 106433
What are the prime factors of 3093583184?
2, 389, 497041
What are the prime factors of 300327892?
2, 53, 1416641
List the prime factors of 1834377684.
2, 3, 2531, 60397
List the prime factors of 1214459572.
2, 6967, 43579
What are the prime factors of 35271742?
2, 11, 23, 6337
What are the prime factors of 15675603?
3, 5225201
What are the prime factors of 104908482?
2, 3, 7, 832607
List the prime factors of 43904048.
2, 2744003
List the prime factors of 4945488873.
3, 13, 269, 471403
List the prime factors of 152236133.
7, 31, 701549
What are the prime factors of 537038058?
2, 3, 17, 5265079
What are the prime factors of 3037849252?
2, 79, 9613447
What are the prime factors of 106895927?
23, 79, 58831
List the prime factors of 481907351.
37, 967, 13469
What are the prime factors of 852358923?
3, 13, 29, 83737
What are the prime factors of 312633048?
2, 3, 7, 13, 43, 3329
List the prime factors of 3645569665.
5, 577, 1263629
List the prime factors of 3748239442.
2, 163, 11497667
List the prime factors of 1195987110.
2, 3, 5, 19, 317, 6619
What are the prime factors of 1024375971?
3, 43, 2803, 2833
What are the prime factors of 711337442?
2, 223, 1594927
List the prime factors of 488391484.
2, 7, 31, 562663
What are the prime factors of 73847744?
2, 1153871
What are the prime factors of 198620845?
5, 59, 673291
What are the prime factors of 35723415?
3, 5, 7, 13, 26171
List the prime factors of 34628324.
2, 277, 31253
What are the prime factors of 2632782874?
2, 1316391437
List the prime factors of 917711628.
2, 3, 19, 4025051
List the prime factors of 48304797.
3, 16101599
What are the prime factors of 8391358?
2, 4195679
List the prime factors of 75934050.
2, 3, 5, 41, 12347
What are the prime factors of 178386442?
2, 13, 6861017
What are the prime factors of 3197059074?
2, 3, 11, 37, 436399
What are the prime factors of 15616255?
5, 491, 6361
List the prime factors of 10788073.
1933, 5581
List the prime factors of 12266928.
2, 3, 17, 5011
What are the prime factors of 67605292?
2, 16901323
List the prime factors of 106113636.
2, 3, 2947601
What are the prime factors of 154750713?
3, 13, 1091, 3637
List the prime factors of 128632223.
19, 6770117
List the prime factors of 8920691102.
2, 19, 29, 251, 32251
List the prime factors of 94442247.
3, 3497861
What are the prime factors of 412729971?
3, 433, 317729
What are the prime factors of 1781187463?
11, 1151, 140683
List the prime factors of 69342214.
2, 89, 389563
List the prime factors of 23719283.
7, 484067
List the prime factors of 330138536.
2, 7, 13, 439, 1033
List the prime factors of 621945489.
3, 11, 18846833
List the prime factors of 1367001204.
2, 3, 47, 929, 2609
List the prime factors of 736025774.
2, 11, 2791, 11987
What are the prime factors of 1475463559?
137, 10769807
What are the prime factors of 298540022?
2, 11, 13570001
What are the prime factors of 605979500?
2, 5, 7, 173137
List the prime factors of 644143515.
3, 5, 17, 257, 9829
What are the prime factors of 71714709?
3, 11, 29, 24979
What are the prime factors of 5068375?
5, 13, 3119
List the prime factors of 697015477.
449, 1552373
What are the prime factors of 9496309?
23, 37, 11159
List the prime factors of 10259006.
2, 103, 49801
What are the prime factors of 3336314307?
3, 1112104769
List the prime factors of 161755630.
2, 5, 16175563
What are the prime factors of 303842983?
303842983
What are the prime factors of 291175800?
2, 3, 5, 149, 3257
What are the prime factors of 216674218?
